{"id":147,"date":"2014-11-03T14:03:16","date_gmt":"2014-11-03T13:03:16","guid":{"rendered":"https:\/\/chimie-ganivet.fr\/?page_id=147"},"modified":"2020-04-01T15:43:04","modified_gmt":"2020-04-01T14:43:04","slug":"devoirs-surveilles","status":"publish","type":"page","link":"https:\/\/chimie-ganivet.fr\/?page_id=147","title":{"rendered":"DEVOIRS SURVEILLES"},"content":{"rendered":"<h2>Interrogations de cours et DM<\/h2>\n<ul>\n<li><a href=\"http:\/\/chimie-ganivet.fr\/wp-content\/uploads\/IE1-A-correction.pdf\" target=\"_blank\" rel=\"noopener\">Correction interrogation de cours 1<\/a><\/li>\n<li><a href=\"http:\/\/chimie-ganivet.fr\/wp-content\/uploads\/IE3-TF2-correction.pdf\" target=\"_blank\" rel=\"noopener\">Correction interrogation de cours 3<\/a><\/li>\n<li>C<a href=\"http:\/\/chimie-ganivet.fr\/wp-content\/uploads\/correction-IE-4-Cine\u0301tique.pdf\">orrection Interrogation de cours 4<\/a> : cin\u00e9tique, recristallisation<\/li>\n<li><a href=\"http:\/\/chimie-ganivet.fr\/wp-content\/uploads\/correction-IE-5.pdf\">Correction interrogation de cours 5<\/a> : St\u00e9r\u00e9ochimie, structure atome.<\/li>\n<\/ul>\n<p>&nbsp;<\/p>\n<ul>\n<li><a href=\"http:\/\/chimie-ganivet.fr\/wp-content\/uploads\/DM-1-Tableaux-avancement.pdf\">Devoir maison 1<\/a> : Equilibres, tableaux d&rsquo;avancement. <a href=\"http:\/\/chimie-ganivet.fr\/wp-content\/uploads\/DM1-Correction.pdf\">Correction<\/a><\/li>\n<li><a href=\"http:\/\/chimie-ganivet.fr\/wp-content\/uploads\/DM-2-TF2-et-Cine\u0301tique-1.pdf\">Devoir maison 2<\/a> : TF2 et Cin\u00e9tique. <a href=\"http:\/\/chimie-ganivet.fr\/wp-content\/uploads\/DM2-Correction-2019.pdf\">Correction<\/a>.<\/li>\n<\/ul>\n<h2>Devoirs surveill\u00e9s<\/h2>\n<ul>\n<li>Samedi 28 Septembre 2019 :<a href=\"http:\/\/chimie-ganivet.fr\/wp-content\/uploads\/DS1-2019-TF1-TF2.pdf\"> DS1<\/a> et <a href=\"http:\/\/chimie-ganivet.fr\/wp-content\/uploads\/DS1-2019-TF1-TF2-corr.pdf\">correction<\/a> : chapitres TF1 et TF2. <a href=\"http:\/\/chimie-ganivet.fr\/wp-content\/uploads\/Erreurs-a\u0300-e\u0301viter-DS1-1.pdf\">Erreurs \u00e0 \u00e9viter<\/a>.<\/li>\n<li>Samedi 19 octobre 2019. <a href=\"http:\/\/chimie-ganivet.fr\/wp-content\/uploads\/DS2-2019-TF3-TF2.pdf\">DS2<\/a> et <a href=\"http:\/\/chimie-ganivet.fr\/wp-content\/uploads\/DS2-2019-correction.pdf\">correction :<\/a> chapitres TF2 et TF3.<\/li>\n<li>Samedi 23 Novembre 2019 : <a href=\"http:\/\/chimie-ganivet.fr\/wp-content\/uploads\/DS3-2019-AM1-O1-RCPA.pdf\">DS3<\/a> et <a href=\"http:\/\/chimie-ganivet.fr\/wp-content\/uploads\/DS3-2019-correction.pdf\">Correction<\/a>. Chapitres TF3, AM1, O1<\/li>\n<li>Samedi 14 d\u00e9cembre 2019 : <a href=\"http:\/\/chimie-ganivet.fr\/wp-content\/uploads\/DS-2019-am-ame\u0301-am-o.pdf\">DS4<\/a> et <a href=\"http:\/\/chimie-ganivet.fr\/wp-content\/uploads\/CorrectionDS4-1.pdf\">Correction.<\/a> Chapitres AM1, AM2, AM3<\/li>\n<\/ul>\n<p>&nbsp;<\/p>\n<h2>Pour r\u00e9viser : DS de l&rsquo;ann\u00e9e pr\u00e9c\u00e9dente<\/h2>\n<ul>\n<li>Samedi 29 Septembre 2018 :<a href=\"http:\/\/chimie-ganivet.fr\/wp-content\/uploads\/DS1-2018-TF1-TF2.pdf\"> DS1<\/a> et <a href=\"http:\/\/chimie-ganivet.fr\/wp-content\/uploads\/CorrectionDS1-1-2.pdf\">correction<\/a> : chapitres TF1 et TF2. <a href=\"http:\/\/chimie-ganivet.fr\/wp-content\/uploads\/Erreurs-\u00e0-\u00e9viter-DS1.pdf\">Erreurs \u00e0 \u00e9viter<\/a>.<\/li>\n<li>Samedi 20 octobre 2018 : <a href=\"http:\/\/chimie-ganivet.fr\/wp-content\/uploads\/DS2-2018-TF2-TF3.pdf\">DS2<\/a> et <a href=\"http:\/\/chimie-ganivet.fr\/wp-content\/uploads\/CorrectionDS2-1-2.pdf\">Correction<\/a> : chapitres TF2 et TF3. <a href=\"http:\/\/chimie-ganivet.fr\/wp-content\/uploads\/Erreurs-\u00e0-\u00e9viter-DS2-3.pdf\">Erreurs \u00e0 \u00e9viter<\/a><\/li>\n<li>Samedi 24 Novembre 2018 :\u00a0 <a href=\"http:\/\/chimie-ganivet.fr\/wp-content\/uploads\/DS3-2018.pdf\">DS3<\/a> et <a href=\"http:\/\/chimie-ganivet.fr\/wp-content\/uploads\/DS3-2018-correction.pdf\">Correction<\/a> : chapitre O1 AM1 AM2<\/li>\n<li>Samedi 15 D\u00e9cembre 2018 : <a href=\"http:\/\/chimie-ganivet.fr\/wp-content\/uploads\/DS4-2018.pdf\">DS4<\/a> et <a href=\"http:\/\/chimie-ganivet.fr\/wp-content\/uploads\/DS4-2018-Correction.pdf\">Correction. <\/a>Chapitre AM3 et TF3<\/li>\n<li>Samedi Janvier 2019 : <a href=\"http:\/\/chimie-ganivet.fr\/wp-content\/uploads\/DS5-2018-1.pdf\">DS5<\/a> et <a href=\"http:\/\/chimie-ganivet.fr\/wp-content\/uploads\/DS5-2018-correction.pdf\">Correction<\/a>. chapitres O1 O2 AM4<\/li>\n<li>Samedi 23 F\u00e9vrier 2019 :\n<ul>\n<li><a href=\"http:\/\/chimie-ganivet.fr\/wp-content\/uploads\/DS6-option-PC-2018.pdf\">DS6 option PC<\/a> et <a href=\"http:\/\/chimie-ganivet.fr\/wp-content\/uploads\/DS6-PC-2018-correction.pdf\">Correction<\/a>. Toute orga p\u00e9riode 1 + TF4<\/li>\n<li><a href=\"http:\/\/chimie-ganivet.fr\/wp-content\/uploads\/DS6-option-SI-Turgot-2018.pdf\">DS6 option SI Turgot<\/a> et <a href=\"http:\/\/chimie-ganivet.fr\/wp-content\/uploads\/DS6-SI-turgot-2018-correction.pdf\">Correction<\/a><\/li>\n<li><a href=\"http:\/\/chimie-ganivet.fr\/wp-content\/uploads\/DS6-option-SI-2018.pdf\">DS6 option SI Balzac<\/a> et <a href=\"http:\/\/chimie-ganivet.fr\/wp-content\/uploads\/DS6-SI-2018-correction.pdf\">Correction<\/a> : R\u00e9dox<\/li>\n<\/ul>\n<\/li>\n<li>Samedi 11 Avril 2019 :\n<ul>\n<li><a href=\"http:\/\/chimie-ganivet.fr\/wp-content\/uploads\/DS7-option-PC-2018.pdf\">DS7 option PC<\/a> et <a href=\"http:\/\/chimie-ganivet.fr\/wp-content\/uploads\/DS7-option-PC-2018-correction.pdf\">Correction<\/a> : Solutions aqueuses<\/li>\n<li><a href=\"http:\/\/chimie-ganivet.fr\/wp-content\/uploads\/DS7-option-SI-Balzac-2018.pdf\">DS7 option SI<\/a> et <a href=\"http:\/\/chimie-ganivet.fr\/wp-content\/uploads\/DS7-option-SI-Balzac-2018-correction.pdf\">Correction<\/a> : Redox<\/li>\n<\/ul>\n<\/li>\n<li>Samedi\n<ul>\n<li><a href=\"http:\/\/chimie-ganivet.fr\/wp-content\/uploads\/DS8-option-PC-2018.pdf\">DS8 option PC<\/a> et <a href=\"http:\/\/chimie-ganivet.fr\/wp-content\/uploads\/DS8-option-PC-2018-correction.pdf\">Correction<\/a> ( et <a href=\"http:\/\/chimie-ganivet.fr\/wp-content\/uploads\/DS8-option-PC-2018-correction-suite.pdf\">suite)<\/a> : Solutions aqueuses<\/li>\n<li><a href=\"http:\/\/chimie-ganivet.fr\/wp-content\/uploads\/DS8-option-SI-2018-.pdf\">DS8 option SI<\/a> et <a href=\"http:\/\/chimie-ganivet.fr\/wp-content\/uploads\/DS8-option-SI-2018-correction.pdf\">Correction<\/a> : Solution aqueuses<\/li>\n<\/ul>\n<\/li>\n<\/ul>\n<p><!--more--><\/p>\n<p>&nbsp;<\/p>\n<p>&nbsp;<\/p>\n<p>&nbsp;<\/p>\n<p>&nbsp;<\/p>\n<p>&nbsp;<\/p>\n","protected":false},"excerpt":{"rendered":"<p>Interrogations de cours et DM Correction interrogation de cours 1 Correction interrogation de cours 3 Correction Interrogation de cours 4 : cin\u00e9tique, recristallisation Correction interrogation de cours 5 : St\u00e9r\u00e9ochimie, structure atome. &nbsp; Devoir maison 1 : Equilibres, tableaux d&rsquo;avancement. Correction Devoir maison 2 : TF2 et Cin\u00e9tique. Correction. Devoirs surveill\u00e9s Samedi 28 Septembre 2019&hellip;<\/p>\n<p><a class=\"more-link\" href=\"https:\/\/chimie-ganivet.fr\/?page_id=147\" title=\"Continue reading &lsquo;DEVOIRS SURVEILLES&rsquo;\">Continue reading <span class=\"meta-nav\">&rarr;<\/span><\/a><\/p>\n","protected":false},"author":1,"featured_media":0,"parent":0,"menu_order":4,"comment_status":"closed","ping_status":"closed","template":"","meta":{"_bbp_topic_count":0,"_bbp_reply_count":0,"_bbp_total_topic_count":0,"_bbp_total_reply_count":0,"_bbp_voice_count":0,"_bbp_anonymous_reply_count":0,"_bbp_topic_count_hidden":0,"_bbp_reply_count_hidden":0,"_bbp_forum_subforum_count":0,"footnotes":""},"class_list":["post-147","page","type-page","status-publish","hentry"],"_links":{"self":[{"href":"https:\/\/chimie-ganivet.fr\/index.php?rest_route=\/wp\/v2\/pages\/147","targetHints":{"allow":["GET"]}}],"collection":[{"href":"https:\/\/chimie-ganivet.fr\/index.php?rest_route=\/wp\/v2\/pages"}],"about":[{"href":"https:\/\/chimie-ganivet.fr\/index.php?rest_route=\/wp\/v2\/types\/page"}],"author":[{"embeddable":true,"href":"https:\/\/chimie-ganivet.fr\/index.php?rest_route=\/wp\/v2\/users\/1"}],"replies":[{"embeddable":true,"href":"https:\/\/chimie-ganivet.fr\/index.php?rest_route=%2Fwp%2Fv2%2Fcomments&post=147"}],"version-history":[{"count":77,"href":"https:\/\/chimie-ganivet.fr\/index.php?rest_route=\/wp\/v2\/pages\/147\/revisions"}],"predecessor-version":[{"id":1994,"href":"https:\/\/chimie-ganivet.fr\/index.php?rest_route=\/wp\/v2\/pages\/147\/revisions\/1994"}],"wp:attachment":[{"href":"https:\/\/chimie-ganivet.fr\/index.php?rest_route=%2Fwp%2Fv2%2Fmedia&parent=147"}],"curies":[{"name":"wp","href":"https:\/\/api.w.org\/{rel}","templated":true}]}}